 25 is divided by t?
12
Calculate the remainder when 32 is divided by (25/(-75))/((-2)/102).
15
Let j = 134 - 92. What is the remainder when 82 is divided by j?
40
Suppose d + 4*v = -22, 3*d - 14 = 3*v + v. What is the remainder when -2*(d + (-18)/4) is divided by (((-210)/25)/(-6))/(2/10)?
6
Let t = -7 + 10. Suppose 2*z = t + 19. Calculate the remainder when z is divided by 6.
5
What is the remainder when 29 is divided by (-18)/(33/(-6) - 4/(-1))?
5
Let n be 23/5 - (-2)/5. Suppose -2*r + b + 41 = 0, 5*b - 75 = r - n*r. Calculate the remainder when 37 is divided by r.
17
Suppose -b = -2*b. Calculate the remainder when (b + 0 - -1)*22 is divided by -2*(-10)/5 + 8.
10
Let v(n) = -155*n**3 - n + 1. Let b be v(1). Let g = -64 - b. What is the remainder when g is divided by 23?
22
Suppose 0 = -5*l + 4*z + 51, z - 5*z - 7 = -l. Let x(r) = 12*r**2 - 2*r - 1. What is the remainder when x(2) is divided by l?
10
Let k = 82 + -57. Let j(v) = 3*v - 20. Let m(t) = -t. Let f(d) = -j(d) - 4*m(d). What is the remainder when k is divided by f(-11)?
7
Let n(o) = 3*o**2. Calculate the remainder when 105 is divided by n(3).
24
Let z be ((-15)/45)/(2/(-36)). Suppose -z*b = -b - 170. What is the remainder when b is divided by 9?
7
Let d = -82 - -86. What is the remainder when 12 is divided by d?
0
Let u(c) = -c + 8. Let p be u(-9). Suppose 4*h - p - 11 = 0. Calculate the remainder when h is divided by 3.
1
Suppose -186 + 9 = -3*m. Calculate the remainder when m is divided by 6.
5
Calculate the remainder when 111 is divided by -6*2/(-3) - -34.
35
Suppose -5*i - 4*y + 2*y = -112, 2*y = -4*i + 90. Let s = -17 + i. Calculate the remainder when 9 is divided by s.
4
Let s(d) = -5*d + 21. Let b(a) = 14*a - 62. Let c(v) = -4*b(v) - 11*s(v). Suppose -x - 18 = -3*x. What is the remainder when 14 is divided by c(x)?
6
Let w(i) = -5*i + i**3 + 4*i - 7*i**2 - 6*i + 3 + 2*i. Let b = 20 - 6. What is the remainder when w(8) is divided by b?
13
Let o be 102/(-10) + 1/5. Let z be (-332)/o + 2/(-10). Suppose 5*r - 190 = 5*b, z = r - b - b. Calculate the remainder when r is divided by 15.
13
Suppose 7*p + 116 = 9*p. Calculate the remainder when p is divided by 12.
10
Suppose 3*n + 4*m - 64 = 0, -3*n + 4*m + 84 = 28. Let q = n + -14. Let o(l) = -l**3 + 7*l**2 - 3*l - 5. What is the remainder when 38 is divided by o(q)?
12
Calculate the remainder when (-2 + -1)*((-147)/9 + -1) is divided by (-110)/(-6) + 2/(-6).
16
Suppose 2*l = -t + 3, 21 = 5*t - 3*t - l. Calculate the remainder when 25 is divided by t.
7
Let g(o) = o**3 - 6*o**2 - o + 8. Let t be g(6). Let f be 5*t*(-3)/(-6). Suppose -8 = -x + f. What is the remainder when x is divided by 7?
6
Let f be 5 - (6 + -2 + -2). Suppose -24 = -z - f*z. Calculate the remainder when 22 is divided by z.
4
Suppose 2*b = 3*s + 21, 0 = 3*b - 3*s - 0 - 24. Suppose -80 = 3*h - 5*h - 3*m, 2*m = -b*h + 115. Let a = 23 - 4. Calculate the remainder when h is divided by a.
18
Let v be ((-1)/2)/(1/(-2)). Suppose 2*l - 9 + v = 0. Let h(n) = -n**2 - 21*n - 27. Calculate the remainder when h(-19) is divided by l.
3
Let p(m) = 11*m - 1. Let o be p(1). Suppose 4*d = -d - 2*s - 10, -2*d = 2*s + o. What is the remainder when -1 + 2 + (9 - d) is divided by 6?
4
Suppose -g + 0 + 14 = -5*m, 0 = -g + 4*m + 18. Calculate the remainder when g is divided by 5.
4
Suppose 4*n + i - 39 = 3*n, -4*n = -5*i - 120. Calculate the remainder when 66 is divided by n.
31
Suppose -5*j - 4*l = -52, -2*j - j = -5*l - 46. Suppose h + h = 0. Suppose h*b + 4*b = 84. Calculate the remainder when b is divided by j.
9
Let c = 30 - 13. Let w(v) = -v**2 - 8*v - 7. Calculate the remainder when c is divided by w(-6).
2
Suppose 3*i - 103 = -2*h, i - 30 + 5 = -3*h. Suppose -4*r + i = -15. What is the remainder when 22 is divided by r?
9
Let v be (-143)/5 + (-8)/20. Let w = 54 + v. What is the remainder when w is divided by 9?
7
Suppose 7 = 5*x + 4*q - 20, -15 = -4*x - q. Calculate the remainder when 2 + 2/2 + 1 is divided by x.
1
Suppose w + 2*w - 54 = 0. Calculate the remainder when 51 is divided by w.
15
Suppose -w = -2*u - 41, -w - 2*u = w - 70. Calculate the remainder when 72 is divided by w.
35
Let i(q) = q**2 - q - 1. Let r(f) = 1. Let u(g) = -i(g) - 2*r(g). Let x(p) be the first derivative of u(p). Calculate the remainder when 31 is divided by x(-5).
9
Suppose 5*j - 2*j = -f + 18, 0 = -2*j + 3*f + 12. What is the remainder when 19 is divided by j?
1
Suppose -2*y + 569 = -3*v, -2*v = 4*y - 4*v - 1126. Suppose 0 = -4*f - 0*f - y. Let w = f - -119. Calculate the remainder when w is divided by 17.
15
Let d be (-6)/10 + 174/15. Let q = d - -10. What is the remainder when 40 is divided by q?
19
Suppose 0 = -4*x - 28 + 92. Let k(m) = -m**3 - 3*m**2 + 4*m + 2. Let q be k(-4). Suppose 18 = -0*u + q*u. What is the remainder when x is divided by u?
7
Suppose -2 = -w - 1. Let q(l) = -3 - 1 - 5*l + w + 9. Calculate the remainder when q(-7) is divided by 14.
13
Let a(w) = -w**3 + 6*w**2 + 4*w - 6. Let x be a(5). Let s = -7 + x. Calculate the remainder when s is divided by 2/((-1)/((-17)/2)).
15
Let r = -24 - -27. Suppose -r*h + 453 = -0*h. What is the remainder when h is divided by 38?
37
Suppose 4*g - 11 = 41. Let f be ((-120)/9)/(8/(-12)). Suppose 0 = 2*s + 2*s - f. What is the remainder when g is divided by s?
3
Let b = 17 - -13. Suppose 3*q = -2*q + b. Calculate the remainder when 11 is divided by q.
5
Suppose 0*x - 2*x + 268 = 0. Calculate the remainder when x is divided by (-15)/((-300)/272)*5/2.
32
Let y(z) = z + 3. Let q be y(-4). Let s be 1*(3 + q) + 0. Let c(x) = 2*x - 2. Calculate the remainder when c(s) is divided by 1.
0
Suppose -26 = 2*q - 4*y, 0*q + 5*q + 25 = 2*y. Let c be 1/q + (-134)/(-6). Let d = -11 + c. Calculate the remainder when 32 is divided by d.
10
Suppose 8*b = 12*b - 236. What is the remainder when b is divided by 15?
14
Suppose -21 = 2*n - 27. Calculate the remainder when 9 is divided by n.
0
Suppose -3 = -n - 1. What is the remainder when n is divided by (4 - (0 - -2)) + -13 + 12?
0
What is the remainder when -1 + (-1 + -1 - -26) is divided by 9?
5
Let m(q) = -q**2 - 4*q + 5. Let z = 7 - 3. What is the remainder when m(-4) is divided by z?
1
Suppose -2*p + p = 2*q - 8, 4*q = 4*p + 4. Let x = -20 - -37. Suppose -a = -c - q*c + 73, c + a = x. What is the remainder when 53 is divided by c?
17
Let k = 235 + -73. Calculate the remainder when k is divided by 55.
52
Suppose 0*n - 38 = -2*n. Calculate the remainder when 54 is divided by n.
16
Let m(z) = -z**3 + 10*z**2 - z - 2. Let l be m(6). Suppose l = -j + 5*j. Calculate the remainder when j is divided by (-27)/2*8/(-6).
16
Suppose 5*w - 39 = -9. Suppose -4*l + w = 5*q - 75, -4 = -l + 2*q. Calculate the remainder when 41 is divided by l.
13
Suppose -7*m + 3*m - 8 = 0. Let o = 8 - m. What is the remainder when o is divided by 0 - (-3)/3*4?
2
Let n = 182 + -91. Suppose 13*u - 115 = 8*u. Calculate the remainder when n is divided by u.
22
Suppose -28 + 73 = 3*w. Suppose 0 = 5*o - w - 20. Calculate the remainder when o is divided by 4.
3
Let s = 0 + -4. Let i = s + 3. What is the remainder when 3 + i/2*-16 is divided by 4?
3
Let q = -12 - -12. Suppose 0 = -q*s - 4*s + 88. Let y = -88 + 152. What is the remainder when y is divided by s?
20
What is the remainder when 41/(-3)*(-12 - -4 - -5) is divided by 14?
13
Let m(h) = -h**2 - 11*h + 11. Calculate the remainder when m(-11) is divided by 7.
4
Suppose 0*k = -2*k + 72. Let j be (2 - 2)/1 - 15. Let y = j + k. What is the remainder when y is divided by 12?
9
Let y be (1 + -2)*(4 - 6). Suppose -5*f = 3*d - 40, -y*d + 10 + 21 = -f. Calculate the remainder when 43 is divided by d.
13
Let d(j) = -j**3 - 7*j**2 - 6*j + 1. Let t be d(-6). Suppose -m + 8 + t = 4*v, 3*v = 2*m + 4. Calculate the remainder when 1 is divided by m.
0
Let j = 49 + -17. Calculate the remainder when -21*(-3 + (0 - -2)) is divided by ((-3)/2)/((-6)/j).
5
Suppose 102 = 3*o - 3*m, 191 - 64 = 4*o + 5*m. What is the remainder when o is divided by 18?
15
Suppose 4*a - 9 = a, -a = -j + 35. What is the remainder when j is divided by 0 - (15*-1 + 2)?
12
Let b(o) = -o**3 - 4*o**2 - o - 1. What is the remainder when 7 is divided by b(-4)?
1
Let r = -3 - -5. Let s be r*(-27)/6 + 0. Calculate the remainder when s/3 - -1*29 is